se 3) to base 16.
358
Convert -33112 (base 4) to base 9.
-1311
-5140 (base 6) to base 13
-699
-20 (base 7) to base 16
-e
What is -1ab (base 16) in base 10?
-427
What is -2324221 (base 5) in base 12?
-20684
Convert -210 (base 11) to base 6.
-1101
Convert -1113 (base 8) to base 12.
-40b
7516 (base 13) to base 12
9497
Convert -32c (base 14) to base 16.
-274
-318 (base 10) to base 6
-1250
-335 (base 8) to base 6
-1005
What is -158c (base 16) in base 13?
-2684
-e70c (base 15) to base 2
-1011111011000101
Convert 145a (base 12) to base 6.
14554
Convert -110223 (base 8) to base 6.
-443203
Convert -1f1 (base 16) to base 8.
-761
What is 1448 (base 11) in base 13?
b08
What is -132303 (base 6) in base 10?
-12207
What is -56b (base 14) in base 5?
-13300
What is -57a (base 14) in base 7?
-3113
Convert -2972 (base 16) to base 14.
-3c1c
-6835 (base 12) to base 8
-26451
1010100010 (base 2) to base 4
22202
2236 (base 8) to base 13
6cc
Convert 2b9b (base 14) to base 15.
248b
Convert 1111111010101 (base 2) to base 12.
4871
15541 (base 12) to base 7
153613
Convert -211110100 (base 3) to base 13.
-75b4
What is -563 (base 11) in base 9?
-828
-6943 (base 13) to base 9
-22217
-296c (base 14) to base 8
-16264
945 (base 11) to base 13
697
-20034 (base 5) to base 11
-a54
Convert 6ba7 (base 13) to base 16.
3b4a
What is -1222003 (base 4) in base 5?
-204122
ddb (base 16) to base 4
313123
What is -100333 (base 4) in base 7?
-3112
Convert 1001012 (base 3) to base 16.
2f9
Convert 62691 (base 10) to base 8.
172343
What is -1235 (base 8) in base 4?
-22131
What is 38 (base 10) in base 9?
42
What is 3443 (base 11) in base 13?
20a0
1275 (base 11) to base 14
863
What is 46733 (base 8) in base 9?
30305
What is a764 (base 13) in base 3?
1011212120
What is -16198 (base 11) in base 8?
-54507
-4201 (base 16) to base 10
-16897
66a (base 12) to base 6
4214
Convert -116170 (base 8) to base 2.
-1001110001111000
Convert 101101000111110 (base 2) to base 9.
34618
What is 4959 (base 10) in base 9?
6720
What is 202 (base 11) in base 16?
f4
What is -10212201 (base 3) in base 4?
-230023
-100022 (base 7) to base 16
-41b7
Convert 5135 (base 7) to base 5.
24130
Convert 52335 (base 6) to base 3.
100122212
Convert 110111101 (base 2) to base 4.
12331
Convert -22503 (base 6) to base 15.
-e3c
Convert 2023 (base 14) to base 5.
134034
What is -1111010000 (base 2) in base 6?
-4304
-1547 (base 11) to base 6
-13111
Convert -413 (base 12) to base 13.
-366
Convert 1752 (base 12) to base 13.
1373
What is 1001111 (base 3) in base 14?
3cd
Convert 102031 (base 4) to base 8.
2215
Convert -100110110101100 (base 2) to base 6.
-232020
What is 10351 (base 7) in base 16?
a18
What is -1073 (base 10) in base 14?
-569
Convert -1e23 (base 16) to base 2.
-1111000100011
Convert 1182 (base 11) to base 14.
7c2
What is 410 (base 6) in base 13?
b7
-60 (base 12) to base 15
-4c
What is 104232 (base 5) in base 7?
13523
Convert -9443 (base 16) to base 12.
-19b6b
Convert 1011010110111 (base 2) to base 8.
13267
Convert -1011000010100 (base 2) to base 16.
-1614
Convert 42e (base 15) to base 5.
12234
Convert -7140 (base 8) to base 3.
-12001022
What is 3833 (base 9) in base 10?
2865
12453 (base 8) to base 5
133134
Convert 50500 (base 7) to base 13.
5764
-5145 (base 11) to base 9
-10323
343 (base 9) to base 12
1b6
What is -3635 (base 8) in base 11?
-1512
Convert 4355 (base 11) to base 13.
2801
Convert -2381 (base 15) to base 16.
-1d7a
Convert -2326 (base 9) to base 3.
-2100220
Convert -41f (base 16) to base 12.
-73b
What is 572c (base 15) in base 2?
100100000111100
What is 6138 (base 11) in base 10?
8148
42459 (base 10) to base 9
64216
Convert 21521 (base 6) to base 12.
18a1
-381 (base 10) to base 2
-101111101
Convert -639 (base 11) to base 9.
-1043
Convert 66 (base 10) to base 4.
1002
-22211101 (base 3) to base 14
-24ba
-1b2d (base 14) to base 8
-11515
What is -3156 (base 7) in base 12?
-793
What is 19a (base 15) in base 8?
562
10c (base 14) to base 8
320
What is -17541 (base 9) in base 3?
-121121101
1010001001101 (base 2) to base 10
5197
Convert 122 (base 9) to base 6.
245
Convert 12206 (base 8) to base 4.
1102012
-364 (base 7) to base 11
-166
10474 (base 9) to base 13
321a
Convert 341 (base 10) to base 5.
2331
What is 5635 (base 7) in base 13?
c07
322 (base 6) to base 4
1322
280 (base 14) to base 4
13320
Convert d2d (base 16) to base 6.
23341
Convert 1232102 (base 4) to base 14.
2802
-12137 (base 9) to base 12
-485a
24311 (base 5) to base 3
2111211
Convert -111111 (base 3) to base 7.
-1030
Convert 247 (base 9) to base 7.
412
5bb (base 14) to base 12
7b5
-14a9 (base 15) to base 10
-4434
19 (base 16) to base 12
21
-44a9 (base 16) to base 14
-6597
Convert 38e (base 15) to base 12.
575
Convert 3d65 (base 15) to base 5.
410040
What is -2221202202 (base 3) in base 11?
-3a765
What is -233223 (base 5) in base 7?
-33652
What is -1634 (base 13) in base 7?
-12326
-2230031 (base 4) to base 5
-323041
Convert -39cc (base 14) to base 3.
-111221220
Convert -3123 (base 4) to base 16.
-db
Convert -6218 (base 15) to base 16.
-50f3
-23d2 (base 16) to base 10
-9170
Convert -116b (base 13) to base 5.
-34310
What is 2a6 (base 13) in base 12?
336
1320 (base 5) to base 6
550
What is 16664 (base 8) in base 16?
1db4
-2746 (base 13) to base 16
-1603
What is 35232 (base 7) in base 13?
4164
What is 34575 (base 11) in base 2?
1100001100001110
Convert bb3 (base 14) to base 12.
1409
3c21 (base 15) to base 4
3020320
Convert -379 (base 11) to base 16.
-1c1
Convert 7c (base 13) to base 3.
10211
What is -36790 (base 10) in base 13?
-13990
Convert 1063 (base 12) to base 16.
70b
Convert -1588 (base 14) to base 6.
-25444
Convert 10009 (base 10) to base 7.
41116
Convert -1001220 (base 3) to base 15.
-370
Convert -1111100111001 (base 2) to base 9.
-11861
-140110 (base 5) to base 11
-4281
What is 101110100100101 (base 2) in base 9?
35634
101015 (base 6) to base 4
1331003
Convert -1000100001101 (base 2) to base 14.
-183b
-210013 (base 4) to base 16
-907
What is 22303 (base 4) in base 15?
311
Convert 31164 (base 7) to base 4.
1313121
What is -38107 (base 10) in base 12?
-1a077
Convert 1688 (base 15) to base 9.
6582
What is -b061 (base 12) in base 3?
-222011201
-420 (base 5) to base 7
-215
Convert 6476 (base 10) to base 12.
38b8
-653 (base 10) to base 7
-1622
What is 3683 (base 10) in base 15?
1158
What is -312103 (base 4) in base 9?
-4681
What is 196a (base 15) in base 3?
21112201
-1b8 (base 12) to base 14
-164
-151aa (base 12) to base 6
-345134
-a02 (base 15) to base 14
-b6c
What is -5251 (base 13) in base 16?
-2c7d
1656 (base 9) to base 10
1266
-530 (base 12) to base 15
-356
Convert 22000 (base 7) to base 9.
7467
Convert 268 (base 11) to base 4.
10330
What is 210216 (base 7) in base 13?
1359c
-10a (base 11) to base 15
-8b
What is 310313 (base 5) in base 9?
14743
-11100010001101 (base 2) to base 4
-3202031
-16353 (base 12) to base 13
-114c9
12001121 (base 3) to base 8
7150
What is 587 (base 12) in base 10?
823
1161 (base 7) to base 8
663
Convert 2220011 (base 3) to base 2.
100000111110
-2 (base 14) to base 4
-2
Convert -220001112 (base 3) to base 16.
-4481
Convert -259c (base 14) to base 10.
-6606
What is 39c (base 14) in base 12?
506
Convert -2100200 (base 3) to base 7.
-5004
8ba (base 15) to base 6
13051
Convert 212020121 (base 3) to base 5.
1020240
What is -4213 (base 7) in base 6?
-10504
213 (base 9) to base 2
10101110
Convert -56860 (base 11) to base 4.
-110010301
What is 208 (base 14) in base 9?
484
What is 719 (base 11) in base 9?
1163
-6088 (base 11) to base 5
-224312
What is 321102 (base 4) in base 9?
5023
Convert -1237 (base 12) to base 11.
-1602
What is -43522 (base 7) in base 10?
-10894
Convert 4303 (base 5) to base 8.
1102
What is -3565 (base 11) in base 4?
-1020331
-357 (base 11) to base 9
-522
Convert -20413 (base 6) to base 4.
-222321
What is -405 (base 12) in base 3?
-210112
Convert -143a (base 13) to base 15.
-cec
21121 (base 4) to base 3
211021
What is 13002 (base 6) in base 8?
3632
-280 (base 15) to base 13
-34b
20441 (base 11) to base 15
8c76
What is -1100011110 (base 2) in base 12?
-566
4e (base 15) to base 10
74
62463 (base 7) to base 4
3233211
What is 112020 (base 4) in base 7?
4062
What is -20102220 (base 3) in base 6?
-33423
-15138 (base 11) to base 8
